 + 2*n, 4*o - d*n = -925. What is the tens digit of 6 + o/(-15) + 4/(-6)?
2
Let r = 32 - 14. Suppose -24*c = -r*c + 210. What is the tens digit of (209/2)/1 + c/70?
0
Let a(j) = -27*j - 16. Let t = 17 + 6. Suppose -38 = 5*l - t. What is the units digit of a(l)?
5
Suppose -22*j - 10 = -76. Suppose -d = -j*d - 3*z + 1469, 4*z + 2928 = 4*d. What is the tens digit of d?
3
Let k = -4 + 7. Suppose 6*i = 2*i - 2*l + 28, 3*l = -k*i + 24. What is the units digit of 36/(-10)*(-165)/i?
9
Let g be (-6090)/(-63) + (-1)/(-3). Let v(i) = i**2 - i - 70. Let z be v(0). Let s = z + g. What is the units digit of s?
7
Let p be ((-4)/(72/(-19467)))/(6/8). Let v = p - 812. What is the units digit of v?
0
Let r = -124 + 122. What is the tens digit of -29*2*r/2?
5
What is the thousands digit of 5/(-35) + ((-461202)/(-98) - -17)?
4
Suppose 763 + 155 = 6*o. Suppose -o = -6*a + 57. What is the units digit of a?
5
Let g(z) = -447*z - 6317. What is the units digit of g(-99)?
6
What is the units digit of (-62933)/(-3) - 6/(-4)*(-8)/(-9)?
9
Let n = -20628 + 21176. What is the tens digit of n?
4
Let g be (-1 - (-12)/3) + -70. Let h = g - -55. Let w = 114 + h. What is the units digit of w?
2
Let j be 58/5 + 5/50*4. Suppose j = 5*i - 2*c - 2, -5*c = -3*i + 16. What is the units digit of (1 - 2 - (-85 + 7)) + i?
9
Let w(k) = -4*k**2 + 80*k + 14. Let v be 495/(-54)*-2 - (-2)/(-6). What is the hundreds digit of w(v)?
1
Suppose -4*b - 5*c + 1943 = -b, 3*b - 5*c - 1933 = 0. Let x = b - -398. What is the hundreds digit of x?
0
Let l = -626 + 1380. Let k = l - 106. What is the units digit of k?
8
Let y(i) = -47*i**3 - 8*i**2 - 37*i - 24. What is the units digit of y(-5)?
6
Let f = -4178 - -7307. What is the units digit of f?
9
Let a(n) = 168*n**2 - 380*n + 131. What is the thousands digit of a(21)?
6
Suppose 205*c = -10*c + 4500591 - 962981. What is the tens digit of c?
5
Suppose 0 = -8364*d + 8350*d + 169134. What is the tens digit of d?
8
Suppose 3*c + 3*f + 2*f = 299, -c = -2*f - 85. Suppose -261 = 7*k - c. Let h = 26 + k. What is the units digit of h?
2
Let p(g) = 899*g + 905. What is the ten thousands digit of p(33)?
3
Suppose b = -a + 1688, 0 = 3*a - 6*b + 2*b - 5078. Suppose -4*x + 230 = -a. What is the hundreds digit of x?
4
Suppose -60*u + 4020 = -58*u. Suppose -u = 5*q - 8*q. Suppose 340 = 5*l - q. What is the units digit of l?
2
Suppose -18*u - 12682 = -2*h + 118, -u - 25460 = -4*h. What is the units digit of h?
4
Let s = -55 + 27. What is the units digit of (-42)/s*2/(-1) - -1843?
0
Let r = -42 - -50. Suppose 5*d = -5*j + r*d - 2, 5*j - 2 = 2*d. Suppose -3*s - 68 = -b, -j = -3*s + 1. What is the tens digit of b?
7
Let n = 584 - 586. What is the tens digit of 4/8 + (-791)/n?
9
Let j be (4 - -1) + -1*1 + 22. Suppose -10*a + 13572 = j*a. What is the units digit of a?
7
What is the tens digit of 33165 + (-10 - -2 - -4)?
6
Let o be -2*3*2*(-3)/9. Let c be 90*3/o*(-12)/18. Let y = -43 - c. What is the units digit of y?
2
Suppose 49290 + 83877 = 21*t - 192081. What is the units digit of t?
8
Suppose -73*d - 2*c + 31000 = -69*d, -5*d = 2*c - 38751. What is the tens digit of d?
5
Let x be 1/((-2)/12)*(-6 - 6). Suppose 2*n = -4*t - 48, -x = 3*n - 4*t - t. What is the units digit of 40 - (-3 - n/3)?
5
Let a be (3 - 2)/(((-196)/602)/14). Let j = -15 - 88. Let y = a - j. What is the units digit of y?
0
Let z(a) = 18 + 29*a - 17*a + 7*a. What is the units digit of z(8)?
0
Suppose -2 = -2*y - i + 1, 18 = 4*y - 2*i. Suppose 0 = 5*b + 4*h - 740, y*b - h - 431 = -6*h. Let z = -13 + b. What is the tens digit of z?
3
Let b = 17552 + 34029. What is the hundreds digit of b?
5
Let c(m) = -1226*m + 2834. What is the ten thousands digit of c(-19)?
2
Suppose 0*c = 3*c - 30. What is the tens digit of (-17360)/(-25) + 3 - (-6)/c?
9
Let w = -223 - 731. Let z = -313 - w. What is the tens digit of z?
4
Suppose -5*x + 10*a = 5*a - 35, 3*a - 9 = -3*x. Suppose -5*d + 5*z - 78 + 2633 = 0, -1008 = -2*d - x*z. What is the hundreds digit of d?
5
Suppose 4*v - 43612 = -4*i, 4*i = -19*v + 22*v + 43633. What is the ten thousands digit of i?
1
Let u = -1379 - -9599. What is the tens digit of u?
2
Let a(s) = 17*s**3 + 5*s**2 + 5*s + 2. Let f be a(-2). What is the units digit of (f/(-10))/(130/1625)?
5
Let c be (-45)/27 + 3930/(-18). Let j = c + 726. What is the tens digit of j?
0
Suppose -4*n + 7446 + 6405 = h, -2*n - 5*h = -6939. What is the units digit of n?
2
Suppose 160*l - 1897 = 159*l - 3*y, -y + 5699 = 3*l. What is the units digit of l?
0
Let r be (-6)/(-33) + (-9)/66*-6. What is the hundreds digit of 0 - ((-3)/r + -523)?
5
Suppose 9*r = 7*r. Suppose -3*m + 5016 = -r*m. What is the units digit of 4/10 + m/20 + 0?
4
Let j = -158 - -162. Suppose -2*c = j*s - 207 - 1619, 5*c = s - 440. What is the tens digit of s?
5
Let h be (-1)/(((-4)/(-40))/(-1)). Let n(d) be the third derivative of -d**6/120 + d**5/5 + d**4/8 + d**3/3 + 14*d**2. What is the tens digit of n(h)?
3
Let i(w) = 7*w**3 + 61*w**2 - 32*w + 12. What is the thousands digit of i(11)?
6
Suppose 41566 = -681*i + 695*i. What is the units digit of i?
9
Suppose o + 18*u = 17*u + 3137, -3*u = 3. What is the thousands digit of o?
3
Let m(k) = 80*k - 55. Let q be m(4). Suppose 5*t - 1290 = -5*j, -4*t - 5*j + q = -767. Let u = 501 - t. What is the tens digit of u?
4
Let h(l) = 13*l**2 - l. Let o(m) = -5*m - 1. Let f be o(0). Let n be h(f). What is the tens digit of n/(-77) + (-1368)/(-22)?
6
Suppose -18 = -m + y, -5*m + 0*y + 94 = -3*y. What is the tens digit of (10/m)/(2/796)?
9
What is the hundreds digit of (0 - (-20)/(-30))*-1200?
8
Let n(y) = -11*y + 52. Let f be n(-14). Suppose 13*t - f = 15. What is the tens digit of t?
1
Suppose 694 = -6*k - 296. Let a = 413 - k. What is the hundreds digit of a?
5
Suppose 7*t - 11*t + 8 = 0. Suppose -3*d = 9, t*r + 3*d + 3 = -0*d. Suppose j = 5, r*f = -2*f - 3*j + 50. What is the units digit of f?
7
Suppose 28*n + n = -464. What is the units digit of 74107/99 - n/36?
9
Suppose 4*o - 7*o - 2*p = -6217, -4144 = -2*o - p. What is the thousands digit of o?
2
Suppose -4*r + 5*r = k - 196, 0 = -2*k + r + 396. Suppose 22*g = 21*g + k. Let z = -101 + g. What is the tens digit of z?
9
Let k = -3652 + 6540. What is the units digit of k?
8
Let n be ((-3)/2 + 1)*-6. Suppose 10 = 5*g - l - 6, -n*g = l - 8. Suppose g*u - 175 = -40. What is the tens digit of u?
4
Suppose 19*b = -27*b - 43746. Let w = -554 - b. What is the units digit of w?
7
Let c = -5274 + 12025. What is the tens digit of c?
5
Suppose -2*t - v = -6*v - 8, 0 = -3*t + v + 12. Suppose -4*i - t + 0 = 5*g, i - g = -1. Let m(w) = 6*w**2 + 3*w + 3. What is the units digit of m(i)?
6
Let y = 144 + -141. What is the hundreds digit of y/(3/313) + -6?
3
Suppose s + 2 = -4*n, 0 = s - n - 3*n + 2. Let j be s - (21 - 3/1). What is the units digit of ((-108)/45)/(2/j)?
4
Let h = 564 - 552. What is the thousands digit of h/(-15) - (-52644)/30?
1
Suppose 2*h - 2245 = -3*h. Suppose 1215 = 2113*g - 2098*g. Suppose -3*s = v - g, -7*s + 3*s = 5*v - h. What is the tens digit of v?
9
Let w = 1403 - 258. Suppose 0 = -5*m + 10*m - w. What is the units digit of m?
9
Suppose -14*o + 11*o + 2*a + 4262 = 0, -a + 7086 = 5*o. What is the units digit of o?
8
Let l be -2 + (-36)/(-6) + 808. Let q = 1403 - l. What is the units digit of q?
1
Let b(o) = -4*o - 4. Let d = -34 - -34. Let w be b(d). Let f(g) = 6*g**2 + 3*g + 2. What is the units digit of f(w)?
6
Let k(z) = 3*z**2 + 27*z + 157. Let r(c) = 8*c**2 + 55*c + 314. Let n(j) = 5*k(j) - 2*r(j). What is the units digit of n(23)?
3
Suppose -5*w - 2072 + 16 = 4*f, f = -4. Let b = -32 - w. What is the hundreds digit of b?
3
What is the tens digit of 24347 + 16/(-24)*9 + 2?
4
Let a be (1/2)/(13/26) - -244. Let z = 39 + a. What is the units digit of z?
4
Let d = 49 - 52. Let o be (0 + d + 5)/((-1)/(-3)). Suppose -o*g = -252 - 306. What is the tens digit of g?
9
Suppose 4*o - z = -4*z - 1714, -3*o - z - 1288 = 0. Let g = -208 - o. Let i = g + -75. What is the tens digit of i?
4
Let l be 4/((-400)/(-330) - (-12)/(-22)). Let n(m) = 15*m**2 - 18*m + 74. What is the hundreds digit of n(l)?
5
Let k = 1123 - -7449. What is the units digit of k?
2
Let f(p) = -p**3 + 5*p - 2. Let k be f(3). Let d(j) = -27*j - 81. Let q be d(-7). Let g = q - k. What is the 